h(-23). Is m(s) composite?
False
Let r(v) = 9*v**3 + v**2 - 4*v + 3. Let x be r(-4). Let u(k) = 14*k - 24. Let c be u(-15). Let q = c - x. Is q composite?
False
Suppose 0*f + 3*f - 237 = 0. Let y(a) = -f*a**3 + 2*a - 113*a**3 - 13*a**2 + 14*a**2. Is y(-1) composite?
False
Suppose -2*y - 2 = 5*w, 2*w + w + 2*y + 2 = 0. Suppose 6*f - 2*f - 2328 = w. Is (1/(-2))/((-3)/f) a composite number?
False
Let y(u) = -3*u**2 - 4*u - 3. Let i be y(-2). Let r(b) = b + 2. Let q(o) = -o**3 - 9*o**2 + 6*o + 6. Let p(x) = -q(x) + 5*r(x). Is p(i) composite?
False
Let q = -3780 - -5525. Let m = -838 + q. Is m a composite number?
False
Suppose 4*y - 2*y = 22. Suppose -4 - y = -3*c. Suppose -c*h - 128 = -453. Is h a composite number?
True
Let t(d) = -1386*d**3 - d**2 - 2*d - 2. Let s = 0 - 1. Is t(s) a prime number?
False
Let q = -1029 - -500. Let r = q - -948. Is r a composite number?
False
Suppose -2*r = -m - 160, -r + 335 = m - 3*m. Let q = m - -381. Is (7 + -8)/((-1)/q) a prime number?
True
Let v(f) = -1522*f + 47. Is v(-6) a composite number?
True
Is (-5)/(-10)*1*3022 a prime number?
True
Suppose y = -y. Let f(b) be the second derivative of b**3/6 + 119*b**2/2 + 6*b + 3. Is f(y) composite?
True
Let s = -2 - -17. Let g be -207*-3*5/s. Is 128/9 - 46/g prime?
False
Suppose 0 = -4*a + 5*r + 220067, 18*a - 16*a = -4*r + 110066. Is a a composite number?
True
Let j(f) = 2691*f - 22. Is j(3) a prime number?
False
Is 36/(-6) - 38936/(-8) composite?
False
Suppose -3*j - 2*j - s = -1936, -3*s + 1164 = 3*j. Suppose 4*k - j = 469. Suppose -36 + k = 2*z. Is z a prime number?
True
Suppose 5*i - 3*i - 1982 = 0. Suppose -m - 263 = -4*n - 1607, 5*m = 3*n + i. Is (3 - (4 + 0))*n a prime number?
True
Let j(t) be the second derivative of t**7/420 + t**6/180 - t**5/40 + 7*t**4/12 - 14*t. Let r(q) be the third derivative of j(q). Is r(-4) a prime number?
False
Suppose 0 = 3*y - 3*w - 56406, -3*y + 73038 - 16617 = 2*w. Is y composite?
True
Let g = -28 - -32. Suppose -4*d = g*w - 1040, -3*w + 4*d + 815 = -0*w. Is w a prime number?
False
Let q be 2/6 + (-62)/(-3). Suppose 3*n - 3*a = q, n - a - 11 = -n. Suppose -3*b + 0*m + 1457 = -n*m, -3*b + 1485 = 3*m. Is b prime?
True
Suppose 17 = 2*d - 69. Let q(i) = d*i - 3 + 46*i - 80*i. Is q(18) a prime number?
False
Let k = -17 - -21. Suppose -r + 0*c - 334 = -3*c, 0 = -k*r + 5*c - 1301. Is (12 - 11)/((-1)/r) prime?
False
Let p be 1 + 0 + 5/(5/3). Suppose -p*j = 2*m - 9572, 2*m + 7193 = 2*j + j. Is j a prime number?
False
Suppose -29 = -8*y - 101. Is (-13296)/y - (-3 + 30/9) a composite number?
True
Suppose 23*t = 29158 + 34943. Is t a prime number?
False
Let b = 853 - 81. Suppose 7*f = 3*f - b. Let w = f - -272. Is w a prime number?
True
Let d = -471 - -955. Suppose -h + 45 + 114 = 4*z, -3*h - 5*z + d = 0. Is h a composite number?
False
Let t be -2 - (1 - 1) - -1. Let s = 18 - t. Is s a composite number?
False
Suppose c + 18 = 3*n + 2*n, -3*c + n + 2 = 0. Let o = 111 - c. Is o prime?
True
Suppose 5*v - 6 = 2*v, -2*b - 5*v = -10. Suppose -584 = -4*f - 3*s, b = 4*s + 16. Is f a composite number?
False
Suppose 7*g - 12*g + 9570 = 0. Suppose 7*p = p + g. Is p prime?
False
Suppose 0 = n - 2*m + 16 - 3, 5*n = -2*m - 17. Is (2454/(-10) + 2)/(n/25) composite?
False
Let b(y) = 2*y**3 - 3*y. Let h be b(5). Suppose 5*f = -2*c + 261, -5*f + 3*c + 36 = -h. Let k = f + -30. Is k prime?
True
Suppose 42 = 2*d + 5*d. Suppose 0 = l - d - 45. Is l a prime number?
False
Is (-365136)/(-336) + 2/7 a composite number?
False
Let j be -6*(-3)/(-36)*-10. Suppose -m - j + 0 = 0. Let u(l) = -48*l + 11. Is u(m) prime?
True
Let w(b) = -b**2 - 6*b - 3. Let j be w(-2). Suppose c - 506 = -2*n + j*c, n - 4*c = 251. Let k = -146 + n. Is k prime?
True
Suppose -19 = 4*s - 3*l + 13, s + 1 = -l. Is -2*((-6)/s)/((-8)/1790) composite?
True
Suppose 2*d + m = 977 - 133, 0 = 2*d - m - 844. Is d composite?
True
Suppose 0 = 2*d - 3*v - 1532, -5*d = -3*d + 3*v - 1520. Let b = d + -514. Is b a prime number?
False
Let j be ((0 + 1)*-4)/(-1). Suppose z + r = -j*z + 7, 3*z + 5*r = 13. Is (5/10)/(z/1778) composite?
True
Let w be (-56)/(-2 + 4 + -4). Let l = -37 + w. Let r(u) = -3*u - 4. Is r(l) a composite number?
False
Let f(v) = -22*v + 375. Is f(-5) a prime number?
False
Suppose 2*n - 331 = 1569. Let p = -159 + n. Is p a prime number?
False
Let a = 122 - 122. Suppose a = -2*u + 783 + 3827. Is u prime?
False
Let p be 838/(25/(-10) + 3). Suppose 1319 = k - p. Is k prime?
False
Suppose -4*p + 879 = -p. Suppose -4*a - 715 = p. Let t = a + 551. Is t a composite number?
True
Let w = 20844 - 9647. Is w a prime number?
True
Suppose 4*v - 7 = 9. Is (-1)/(6/(-12)*v/3694) prime?
True
Suppose f - 2 - 1 = 2*c, -5*f = -2*c - 15. Suppose 28*l - 26*l - 1268 = c. Is l a composite number?
True
Suppose y + z - 17567 = 0, -3*z + 2*z + 87827 = 5*y. Is y/6*(1 - -1) a composite number?
True
Let h = 8732 + -2751. Is h a composite number?
False
Let q = 2620 - 1648. Let f = 1426 - q. Is f a composite number?
True
Let v = 2821 + -1020. Is v composite?
False
Suppose 0 = 3*y - 0*t + 3*t - 28794, 3*y - 28818 = 5*t. Is y a composite number?
False
Suppose 0 = 13*v - 16*v + 2*n + 128927, 85964 = 2*v + 5*n. Is v a composite number?
True
Suppose 2*l - 3 = 1. Suppose 9681 = 5*v + 2*q, 4*v - l*q + 3*q - 7746 = 0. Is v a prime number?
False
Suppose -24*j + 23*j = 18282. Is 1/(j/(-6093) - 18/6) a composite number?
True
Let j be (-2 - 0) + 5 - 1. Suppose j*k - 18 = 32. Is ((-582)/15)/((-10)/k) a prime number?
True
Suppose 2*q - 6 = -4*k, -3*k - 3*q - 1 + 4 = 0. Suppose 3*n - 3*d = 2*d + 49, -k*n - 2*d = -22. Is n a prime number?
True
Suppose -5*b = -15, d + 3*d = -5*b - 333. Let v = d + 974. Is v composite?
False
Let p(t) = -t**3 + 2*t**2 - 41*t - 19. Is p(-15) prime?
True
Suppose 2*m + 18451 = 3*f, 2*m + 7886 = -2*f + 20180. Suppose -13*u + f - 1066 = 0. Is u a prime number?
False
Let w be 18/(-45)*5/(-2). Suppose -m + w = -0. Is (m/(-3))/((-1)/285) composite?
True
Let d(g) = -2*g - 1. Let a be d(-3). Let i be (a - -1)/((-10)/(-55)). Is 6/i + (-423)/(-33) a prime number?
True
Let z(h) = -h**3 + h**2 - 2*h + 5. Let n be z(0). Suppose 2*g - 3120 = -5*r, -g + n*g = -4*r + 2508. Is r a prime number?
False
Suppose -2*a - 6*h = -h - 36004, -4*h = 5*a - 90027. Is a a composite number?
True
Suppose 0 = -3*d, -2*q - d + 143 = -545. Let g be (1 - (-160)/(-2)) + -2. Let t = g + q. Is t a prime number?
True
Let m be ((-60)/16)/((-2)/296). Suppose 4*d - 17 = m. Is d a composite number?
True
Let g = 6764 + -2791. Is g a composite number?
True
Let g(w) = 4*w**3 - 26*w**2 - 58*w - 49. Is g(15) composite?
True
Let j(o) = -8*o**3 + 5*o**2 - 3*o - 7. Let n be j(-4). Suppose 0*c - 3*c = -n. Is c a composite number?
False
Let v(s) = 34152*s**3 + 0 - 3*s**2 + 2*s + 3 - 34167*s**3. Let u be (-1 - (-1)/(-3))*3. Is v(u) prime?
True
Let w = 5829 + 16342. Is w prime?
True
Let r(h) = 3121*h + 13. Is r(1) composite?
True
Let r(s) = -s**2 - 6*s + 20. Let d be r(-8). Suppose 3*g = 2*g - 4*t - 16, 16 = g - 4*t. Suppose -3*n - 48 = -2*w + 85, -w + d*n + 79 = g. Is w composite?
False
Let p(i) be the third derivative of -287*i**6/120 - i**5/30 + i**4/4 + 2*i**3/3 - 37*i**2. Is p(-3) prime?
True
Let k(s) = 196*s**3 - 8*s**2 + 8*s - 17. Is k(3) a prime number?
True
Suppose 0 = -3*p - 3 - 3. Let c(k) be the second derivative of 17*k**4/12 + k**3/6 + k**2/2 + k. Is c(p) composite?
False
Let h(b) = b**2 - 18*b + 37. Let q be h(16). Suppose 4*w + 5*r - 7393 = 0, -1852 = -w - 10*r + q*r. Is w a composite number?
False
Let z(o) = o**3 - o**2 - 2*o - 5. Let f be z(0). Is (-4)/f - 24765/(-75) prime?
True
Let h be (-2117)/(-2)*(18 - 8). Suppose -3*i - 3884 = -y - 363, h = 3*y + 2*i. Is y a prime number?
True
Let l be ((-40)/30)/(4/(-9)). Suppose 4*w - l*v - 1685 = 0, -w + 2*v = -2*w + 413. Is w a composite number?
False
Suppose 2*k + 55 = 7*k. Let y(w) = 2*w**3 - 11*w**2 + 3*w + 15. Is y(k) prime?
False
Let b be 5*-244*(-5)/10. Suppose -2*l - 4*u - b = 0, 4*l - 5*u - 293 = 5*l. Let s = -102 - l. Is s composite?
False
Let r = -481 - -208. Let k = r + 436. Is k composite?
False
Let q(v) = -v**3 - 3*v**2 + 2*v + 6457. Is q(0) a composite number?
True
Suppose -6 = -11*w + 14*w. Is (-750)/(-3) + 6*w/4 a prime number?
False
Let y be (418 - -6) + 1*-3. Suppose 0 = 3*h + 88 - y